hat is 5 - 3978945?
-3978940
In base 6, what is 103005350 + 44?
103005434
In base 3, what is 22012111200220 + -21?
22012111200122
In base 8, what is 3311065 + 545?
3311632
In base 5, what is 304130011041 + 10?
304130011101
In base 7, what is -1363335 - -10602?
-1352433
In base 16, what is 150c5 + 18?
150dd
In base 13, what is -28c8656c - 5?
-28c86574
In base 14, what is -3 + 1a867b34?
1a867b31
In base 7, what is 2261416 - -263?
2262012
In base 9, what is 84 - 64866?
-64772
In base 7, what is -11134 - -341364?
330230
In base 7, what is 211352420 + 3?
211352423
In base 9, what is -21376 + -2266?
-23653
In base 11, what is 44588840 + 1?
44588841
In base 8, what is -261 + -20254?
-20535
In base 2, what is -101000001011110 + -111100010000?
-101111101101110
In base 8, what is -27 - 2026607?
-2026636
In base 4, what is 202 + -12322302300?
-12322302032
In base 8, what is 43115 + -40434?
2461
In base 11, what is -52 + -3914061?
-3914103
In base 2, what is -10 + -11000001011000100010111?
-11000001011000100011001
In base 3, what is 121001020 + -2012012?
111212001
In base 10, what is 3453174 + 9?
3453183
In base 5, what is 211322 + -323232?
-111410
In base 3, what is 120122 - -212021000?
212211122
In base 7, what is 101 + -44624000?
-44623566
In base 2, what is 1010 - 1110101000100101110?
-1110101000100100100
In base 8, what is 11112 + -4214?
4676
In base 15, what is -1a5 + 45dc?
4437
In base 11, what is 0 + -5a1a950?
-5a1a950
In base 3, what is -12000221222 - -101?
-12000221121
In base 11, what is -5 + 5759355?
5759350
In base 8, what is -72161 - -7747?
-62212
In base 13, what is -c61 + -4ab6?
-5a47
In base 6, what is -25424 + -1310?
-31134
In base 13, what is 569 - -32bc?
3858
In base 7, what is -135426 + 4244?
-131152
In base 5, what is 10140332014 - 10?
10140332004
In base 8, what is -11 - 21457710?
-21457721
In base 5, what is 314214110 - 314?
314213241
In base 10, what is 6856 - 86481?
-79625
In base 4, what is -111023 + 11321223?
11210200
In base 3, what is 1212120121100120 - -11?
1212120121100201
In base 8, what is -567 + -563624?
-564413
In base 2, what is -1011100011100100101000000110 - 110?
-1011100011100100101000001100
In base 2, what is 1010000000000100100 + 11101?
1010000000001000001
In base 13, what is -1bb93 + -4?
-1bb97
In base 14, what is -33 + 3711d?
370ca
In base 13, what is -73c8ab0 - 5?
-73c8ab5
In base 8, what is 64153 - -32761?
117134
In base 8, what is 12320537 + 4?
12320543
In base 9, what is -3 - -6056834?
6056831
In base 4, what is -13230032000201 - 11?
-13230032000212
In base 5, what is -32412203331 + 3?
-32412203323
In base 12, what is -42029b9 - -a4?
-4202915
In base 9, what is -81756622 - -2?
-81756620
In base 3, what is -22001100021 + -21012?
-22001121110
In base 12, what is 3a4 - a70b?
-a327
In base 15, what is 3 + -9aa164?
-9aa161
In base 5, what is -101014 + -4042?
-110111
In base 5, what is -332 - -1433201?
1432314
In base 10, what is 13009 + -3441?
9568
In base 11, what is 5 + 158946862?
158946867
In base 5, what is -403133120 - 41?
-403133211
In base 15, what is 33757d9c + -1?
33757d9b
In base 14, what is 237 - -a4305?
a453c
In base 5, what is -232243113 + 1430?
-232241133
In base 9, what is -381 + 1051582?
1051201
In base 8, what is -15765564 - -2?
-15765562
In base 15, what is 3440b27 - -5?
3440b2c
In base 10, what is -10587 - 23795?
-34382
In base 5, what is -112034331 - 22011?
-112111342
In base 15, what is -3d45e99 - -2?
-3d45e97
In base 3, what is -202 - 221110200000?
-221110200202
In base 7, what is -1 - -100601656?
100601655
In base 14, what is -42dc6d6a - -4?
-42dc6d66
In base 4, what is -21332332 - -31?
-21332301
In base 16, what is 1fa + 174?
36e
In base 7, what is 223 - -145616121?
145616344
In base 9, what is -4658 + -125687?
-131456
In base 3, what is -2002000122202 + 1022?
-2002000121110
In base 5, what is 11330112333 - -1?
11330112334
In base 5, what is 100130 + 133444?
234124
In base 10, what is -268 + -15359?
-15627
In base 6, what is 341324510324 - -1?
341324510325
In base 11, what is -137193 - 129a?
-138482
In base 7, what is 255 - -2050266?
2050554
In base 6, what is 0 - 203200051?
-203200051
In base 13, what is -98042 - 284?
-982c6
In base 7, what is 0 + 60040400?
60040400
In base 14, what is 2a96355 + -2?
2a96353
In base 16, what is -2 + 7f5fec?
7f5fea
In base 10, what is -4279175 - -32?
-4279143
In base 10, what is -26 + -187301?
-187327
In base 7, what is 3516 + 1014231?
1021050
In base 15, what is 79 + -7519e?
-75125
In base 11, what is -3 - -257a6909?
257a6906
In base 12, what is -362b7 + 52?
-36265
In base 8, what is -574220730 - 5?
-574220735
In base 7, what is 3664 + -61543?
-54546
In base 6, what is 23400 - -120044?
143444
In base 13, what is 1869582 - -3?
1869585
In base 2, what is 10001001001 + 1100101001000001111?
1100101011001011000
In base 6, what is -2 + -513414?
-513420
In base 9, what is -4 - -53727852?
53727847
In base 16, what is -3 + 25ac6f1?
25ac6ee
In base 5, what is -40 - -20124243?
20124203
In base 15, what is -3739 + 53a?
-31ee
In base 9, what is -273147 - -631?
-272416
In base 9, what is -645660 - 115?
-645775
In base 5, what is 141010 + -44223?
41232
In base 14, what is 58a - 3131?
-2985
In base 14, what is 2a08310 + -2b?
2a082c3
In base 8, what is 2065 + -2207?
-122
In base 2, what is 11110111 - 100101011000000101?
-100101010100001110
In base 2, what is 10001100110110111 - -11110001001?
10010000101000000
In base 9, what is -58303174 - 4?
-58303178
In base 12, what is -5 - 7426942?
-7426947
In base 12, what is 29 + -10bb44a7?
-10bb447a
In base 9, what is 23 + 10850710?
10850733
In base 6, what is -31404 + 11250?
-20114
In base 5, what is 314403414 - 4?
314403410
In base 9, what is -2253210 - 2?
-2253212
In base 2, what is 10110111010111110110 + -10010011?
10110111010101100011
In base 16, what is -5a5889 + 7?
-5a5882
In base 8, what is -127141 + 225?
-126714
In base 2, what is -11101000111111 + 101001011110110?
1100010110111
In base 11, what is -5a6481640 - -5?
-5a6481636
In base 3, what is 2020211211 - -11121200?
2102110111
In base 6, what is 4050352 - 540?
4045412
In base 5, what is -413030 + -12033?
-430113
In base 5, what is -13032400 - 1444?
-13034344
In base 14, what is 5083 + -1c56?
322b
In base 5, what is 4324423402 + -13?
4324423334
In base 16, what is 253 + -123e9?
-12196
In base 10, what is -2433 + -1904?
-4337
In base 2, what is -1111011 - -10010111100110?
10010101101011
In base 4, what is -2122100300232 + 30?
-2122100300202
In base 15, what is 67 + -10638de?
-1063877
In base 5, what is -101 + 22122412?
22122311
In base 7, what is 2131 + 2515?
4646
In base 6, what is -1154104205 + -44?
-1154104253
In base 5, what is 31000423441 - 2?
31000423434
In base 11, what is 36 + -394aa1?
-394a66
In base 3, what is -2102 + 22201222201221?
22201222122112
In base 14, what is c21819 + 3?
c2181c
In base 11, what is 276455 - -33?
276488
In base 11, what is 100 - 1244496?
-1244396
In base 11, what is 755 + -4391?
-3737
In base 4, what is -30103 + -330323?
-1021032
In base 16, what is 4 - -94a6ca?
94a6ce
In base 5, what is -1 + 414341203?
414341202
In base 8, what is -510662 + 1472?
-507170
In base 16, what is 3 - 6ba674?
-6ba671
In base 6, what is -10 - 22245204?
-22245214
In base 9, what is 100803 + 257?
101161
In base 8, what is -152565 + 11344?
-141221
In base 9, what is -44160877 - 1?
-44160878
In base 12, what is 2aa574 - 20?
2aa554
In base 3, what is 11 + -12212010100100?
-12212010100012
In base 13, what is 1 + -769636?
-769635
In base 10, what is 75108 - 98?
75010
In base 14, what is -3 + 71599a?
715997
In base 4, what is 133001 + -123010?
3331
In base 6, what is -100103 - 251?
-100354
In base 6, what is 402505140 + -1?
402505135
In base 15, what is -1 - 131c25?
-131c26
In base 14, what is 4 + 125d066?
125d06a
In base 15, what is -63b7 - 10b07?
-16ebe
In base 6, what is -2 + -33424022?
-33424024
In base 14, what is 7c0d - -178?
7d87
In base 16, what is -bf66 - 636?
-c59c
In base 12, what is -396714a + -12?
-3967160
In base 7, what is -3416030421 - -5?
-3416030413
In base 6, what is 22344320144 + 1?
22344320145
In base 4, what is -2200120102111 + 2?
-2200120102103
In base 12, what is -23 + -2348985?
-23489a8
In base 11, what is 5 - -24601a56?
24601a60
In base 7, w